 1140462355?
5, 41, 5563231
What are the prime factors of 1186544721?
3, 107, 3696401
What are the prime factors of 56513162?
2, 23, 1228547
What are the prime factors of 148229240?
2, 5, 59, 107, 587
List the prime factors of 524281996.
2, 7, 547, 34231
What are the prime factors of 859726701?
3, 59, 1619071
What are the prime factors of 1073140793?
17, 59, 1069931
List the prime factors of 272897570.
2, 5, 11, 19, 37, 3529
List the prime factors of 24657491.
1801, 13691
What are the prime factors of 957914818?
2, 7, 31, 71, 4441
What are the prime factors of 3707576?
2, 463447
What are the prime factors of 1955275456?
2, 61, 500839
List the prime factors of 311806716.
2, 3, 13, 1998761
What are the prime factors of 71956010?
2, 5, 7, 146849
List the prime factors of 2343637781.
827, 2833903
List the prime factors of 1129836559.
619, 1825261
What are the prime factors of 26030905?
5, 271, 19211
List the prime factors of 39000692.
2, 19, 513167
What are the prime factors of 2199681563?
557, 1033, 3823
List the prime factors of 295561422.
2, 3, 13, 17, 191, 389
List the prime factors of 233087138.
2, 116543569
List the prime factors of 213490138.
2, 106745069
What are the prime factors of 741293184?
2, 3, 1930451
List the prime factors of 132607625.
5, 1060861
What are the prime factors of 2452733391?
3, 479, 1706843
What are the prime factors of 834276458?
2, 417138229
List the prime factors of 4419381566.
2, 2209690783
What are the prime factors of 5271768995?
5, 1054353799
List the prime factors of 87615499.
7207, 12157
List the prime factors of 65059932.
2, 3, 7, 774523
What are the prime factors of 867801075?
3, 5, 29, 398989
List the prime factors of 1494796494.
2, 3, 249132749
What are the prime factors of 155676475?
5, 251, 24809
List the prime factors of 99236097.
3, 408379
List the prime factors of 172779324.
2, 3, 14398277
List the prime factors of 61118196.
2, 3, 17, 29, 10331
List the prime factors of 2756312918.
2, 17, 81068027
What are the prime factors of 447106792?
2, 11, 1987, 2557
What are the prime factors of 792669449?
11, 13, 5543143
What are the prime factors of 404754445?
5, 17, 31, 153607
List the prime factors of 6991712597.
6991712597
What are the prime factors of 2929606?
2, 101, 14503
What are the prime factors of 260183408?
2, 37, 283, 1553
What are the prime factors of 61724644?
2, 29, 409, 1301
List the prime factors of 10166744.
2, 7, 181549
List the prime factors of 285072904.
2, 101, 352813
List the prime factors of 86358614.
2, 2143, 20149
What are the prime factors of 76288728?
2, 3, 761, 4177
What are the prime factors of 807041179?
7, 3067, 37591
List the prime factors of 125713239.
3, 23, 67, 71, 383
What are the prime factors of 3064296591?
3, 8171, 41669
What are the prime factors of 579777432?
2, 3, 13, 1858261
List the prime factors of 324668421.
3, 7, 11, 431, 1087
List the prime factors of 975543526.
2, 31, 167, 94219
List the prime factors of 350114101.
541, 647161
List the prime factors of 52402380.
2, 3, 5, 19, 43, 1069
What are the prime factors of 3241578142?
2, 11, 149, 89899
List the prime factors of 82579351.
3863, 21377
What are the prime factors of 144260292?
2, 3, 11, 443, 2467
List the prime factors of 919481197.
24091, 38167
What are the prime factors of 260985903?
3, 86995301
What are the prime factors of 53349576?
2, 3, 7, 317557
List the prime factors of 1142066156.
2, 7, 11, 61, 89, 683
List the prime factors of 18786232.
2, 37, 63467
What are the prime factors of 41435692?
2, 991, 10453
What are the prime factors of 678270626?
2, 11, 19, 41, 2083
List the prime factors of 147702219.
3, 7, 19, 52883
What are the prime factors of 2915422?
2, 269, 5419
What are the prime factors of 1725654654?
2, 3, 4463, 21481
What are the prime factors of 35691329?
19, 1878491
List the prime factors of 3499739228.
2, 281, 3113647
List the prime factors of 260453501.
7, 11, 19, 53, 3359
List the prime factors of 157906823.
157906823
What are the prime factors of 3775693983?
3, 1493, 842977
List the prime factors of 43540107.
3, 13, 29, 137, 281
What are the prime factors of 69049003?
907, 76129
What are the prime factors of 12100804?
2, 17, 177953
What are the prime factors of 128414231?
11, 107, 109103
What are the prime factors of 852679374?
2, 3, 881, 161309
What are the prime factors of 3383431260?
2, 3, 5, 11, 5126411
What are the prime factors of 16319183?
37, 97, 4547
What are the prime factors of 115681363?
7, 821, 20129
List the prime factors of 360319835.
5, 877, 82171
What are the prime factors of 173045384?
2, 4327, 4999
List the prime factors of 6871285207.
37, 185710411
What are the prime factors of 67388870?
2, 5, 6738887
List the prime factors of 56107309.
56107309
List the prime factors of 43633993.
13, 103, 32587
What are the prime factors of 523970957?
17, 109, 282769
List the prime factors of 2093143198.
2, 23, 45503113
What are the prime factors of 18283869?
3, 2031541
List the prime factors of 221299033.
61, 59473
List the prime factors of 1374638.
2, 103, 6673
What are the prime factors of 145016?
2, 18127
What are the prime factors of 20911783?
59, 239, 1483
What are the prime factors of 41232549?
3, 79, 173977
List the prime factors of 211551974.
2, 101, 281, 3727
What are the prime factors of 25701495?
3, 5, 37, 46309
What are the prime factors of 772662067?
1523, 507329
List the prime factors of 25374502.
2, 1871, 6781
What are the prime factors of 9136480?
2, 5, 17, 3359
What are the prime factors of 180182214?
2, 3, 541, 18503
List the prime factors of 6812241.
3, 19, 119513
What are the prime factors of 6183429238?
2, 7, 18947, 23311
What are the prime factors of 259782049?
17, 43, 355379
List the prime factors of 1664849489.
1664849489
What are the prime factors of 140687019?
3, 11, 17, 179, 467
List the prime factors of 24696086.
2, 19, 649897
List the prime factors of 25107866.
2, 7, 1793419
What are the prime factors of 55320452?
2, 11, 577, 2179
What are the prime factors of 96951891?
3, 641, 50417
List the prime factors of 486571183.
7, 69510169
List the prime factors of 3928146414.
2, 3, 654691069
What are the prime factors of 535937711?
37, 14484803
What are the prime factors of 238825807?
11, 163, 12109
What are the prime factors of 122044010?
2, 5, 11, 1109491
What are the prime factors of 1481974223?
1481974223
List the prime factors of 310420354.
2, 43, 137, 26347
List the prime factors of 37157590.
2, 5, 43, 86413
List the prime factors of 205961905.
5, 41192381
What are the prime factors of 270788976?
2, 3, 983, 1913
List the prime factors of 748169.
748169
List the prime factors of 1749936863.
1749936863
What are the prime factors of 649260144?
2, 3, 13, 8893
List the prime factors of 239493055.
5, 47898611
List the prime factors of 241073656.
2, 149, 202243
List the prime factors of 4300972841.
11, 5009, 78059
List the prime factors of 1561574986.
2, 780787493
What are the prime factors of 75217156?
2, 7, 73, 751
List the prime factors of 133696256.
2, 522251
What are the prime factors of 312586983?
3, 34731887
What are the prime factors of 3953405584?
2, 109, 2266861
List the prime factors of 45261937.
7, 131959
List the prime factors of 9977547.
3, 3325849
List the prime factors of 227590593.
3, 1019, 74449
List the prime factors of 165812109.
3, 181, 305363
List the prime factors of 4058995901.
20149, 201449
List the prime factors of 47246122.
2, 7, 11, 19, 67, 241
What are the prime factors of 45937899?
3, 7, 729173
List the prime factors of 127714802.
2, 3407, 18743
List the prime factors of 561537503.
31, 1973, 9181
List the prime factors of 360763450.
2, 5, 19, 379751
List the prime factors of 1151019005.
5, 230203801
List the prime factors of 26740071.
3, 137, 7229
List the prime factors of 142452926.
2, 7, 11, 925019
What are the prime factors of 1370580503?
113, 12129031
List the prime factors of 1346507725.
5, 53860309
List the prime factors of 27885136.
2, 127, 13723
List the prime factors of 557228466.
2, 3, 19, 89, 18307
What are the prime factors of 15760779?
3, 37, 107, 1327
List the prime factors of 41758329.
3, 53, 181, 1451
List the prime factors of 1416474279.
3, 11, 1300711
What are the prime factors of 1249742943?
3, 138860327
W